{"id":13,"date":"2019-04-24T19:11:49","date_gmt":"2019-04-24T19:11:49","guid":{"rendered":"http:\/\/ronkin.de\/?page_id=13"},"modified":"2019-04-24T19:18:13","modified_gmt":"2019-04-24T19:18:13","slug":"impressum","status":"publish","type":"page","link":"https:\/\/ronkin.de\/?page_id=13","title":{"rendered":"Impressum\/Kontakt"},"content":{"rendered":"\n<p>Ronkin Consulting GmbH<\/p>\n\n\n\n<p>Telefon: 089 \/ 9430 1082<br>E-Mail: consulting@ronkin.de <\/p>\n\n\n\n<p>Gesch\u00e4ftsf\u00fchrer: Dr. Igor Ronkin<br>Anschrift: Speyerer Str. 6, 80804 M\u00fcnchen<br>Sitz der Gesellschaft: M\u00fcnchen<br>Registergericht: Amtsgericht M\u00fcnchen, HRB 242520<br>Umsatzsteuer-Id: DE 320292424<\/p>\n","protected":false},"excerpt":{"rendered":"<p>Ronkin Consulting GmbH Telefon: 089 \/ 9430 1082E-Mail: consulting@ronkin.de Gesch\u00e4ftsf\u00fchrer: Dr. Igor RonkinAnschrift: Speyerer Str. 6, 80804 M\u00fcnchenSitz der Gesellschaft: M\u00fcnchenRegistergericht: Amtsgericht M\u00fcnchen, HRB 242520Umsatzsteuer-Id: DE 320292424<\/p>\n","protected":false},"author":1,"featured_media":0,"parent":0,"menu_order":0,"comment_status":"closed","ping_status":"closed","template":"","meta":[],"_links":{"self":[{"href":"https:\/\/ronkin.de\/index.php?rest_route=\/wp\/v2\/pages\/13"}],"collection":[{"href":"https:\/\/ronkin.de\/index.php?rest_route=\/wp\/v2\/pages"}],"about":[{"href":"https:\/\/ronkin.de\/index.php?rest_route=\/wp\/v2\/types\/page"}],"author":[{"embeddable":true,"href":"https:\/\/ronkin.de\/index.php?rest_route=\/wp\/v2\/users\/1"}],"replies":[{"embeddable":true,"href":"https:\/\/ronkin.de\/index.php?rest_route=%2Fwp%2Fv2%2Fcomments&post=13"}],"version-history":[{"count":3,"href":"https:\/\/ronkin.de\/index.php?rest_route=\/wp\/v2\/pages\/13\/revisions"}],"predecessor-version":[{"id":34,"href":"https:\/\/ronkin.de\/index.php?rest_route=\/wp\/v2\/pages\/13\/revisions\/34"}],"wp:attachment":[{"href":"https:\/\/ronkin.de\/index.php?rest_route=%2Fwp%2Fv2%2Fmedia&parent=13"}],"curies":[{"name":"wp","href":"https:\/\/api.w.org\/{rel}","templated":true}]}}